on divisor of c and b?
13
Let u = 7 + -11. Let m(l) = 5*l**2 - 6*l - 4. Let y be m(u). What is the greatest common factor of 20 and y?
20
Let y(n) = -n**2 - 4*n + 2. Let w be y(-5). Let z be 6 - 0/(w + 2). Let r = 38 - 14. What is the highest common divisor of r and z?
6
Let b(j) = -j**3 - j**2 - j + 2. Let h be b(0). Suppose h*v - 7 = 3. Let y = 7 + 18. Calculate the greatest common divisor of v and y.
5
Let f(u) be the first derivative of 44*u**3/3 - u**2/2 + u - 4. Let i be f(1). What is the highest common factor of i and 11?
11
Let n = 17 + 181. Calculate the greatest common factor of 18 and n.
18
Let x be 14/35 + (-246)/(-10). Let a(o) = o + 13. Let b be a(-10). Suppose b*f = -2*f + x. Calculate the greatest common factor of f and 10.
5
Let q(g) = -g**3 + 5*g**2 - 1. Let k be q(2). What is the highest common factor of k and 22?
11
Let a(l) = 0*l + l + 5 + 0*l. Let x be a(4). Calculate the highest common divisor of 3 and x.
3
Let f = 4 - -2. Suppose f*j - 200 = j. Calculate the highest common factor of 16 and j.
8
Suppose -7*z + z + 300 = 0. What is the greatest common divisor of 175 and z?
25
Let h be 2 + (1 - -1) - (-483)/3. What is the highest common factor of h and 15?
15
Let b(s) = 20*s. Let p(y) = -1. Let m(r) = -b(r) - p(r). Let v be m(-1). Let q be (-1)/(11/(-2)) + 527/187. Calculate the highest common divisor of v and q.
3
Suppose 5*z - 90 = 20. Calculate the highest common factor of 110 and z.
22
Suppose 18 = v - 3*h, 0*v = v - 2*h - 19. Calculate the greatest common factor of v and 7.
7
Let m be -4 + 3 + -1 - -16. What is the highest common divisor of m and 2?
2
Let p(r) = 3*r - 36. Let t be p(16). Let o(s) = 13*s**3 - 2*s**2. Let q be o(2). What is the greatest common factor of q and t?
12
Suppose 2*u - 2 = 6*d - 2*d, 0 = -4*d + 20. Suppose 5*r + u = -k + 5*k, -41 = -4*k - r. Let j be 7*6 + 4 + -1. Calculate the highest common divisor of j and k.
9
Let h(p) = 6*p - 4. Let y be h(3). What is the highest common factor of y and 21?
7
Let z = -30 - -50. What is the highest common divisor of 30 and z?
10
Let u = -48 - -108. Suppose -3*t + 24 = -48. What is the greatest common factor of t and u?
12
Suppose 31 = 4*f - 9. Calculate the highest common divisor of 40 and f.
10
Let y = -117 - -208. What is the highest common factor of 13 and y?
13
Suppose 6 = f + 4*g - 1, f = -g + 10. What is the greatest common factor of f and 66?
11
Let r be (4 - 9 - 79)*(-1)/2. Calculate the highest common divisor of 56 and r.
14
Let f(r) = r**3 - 12*r**2 - 10*r - 9. Let a(q) = q**2 + 4. Let o be a(-3). Let t be f(o). Calculate the greatest common divisor of t and 120.
30
Suppose d + 214 = j, j + 5*d + 0*d = 184. Let p(g) = 3*g + 4. Let c be p(5). Calculate the greatest common factor of c and j.
19
Let u be 3/2 + (-3)/2. Suppose -3*r - 2*h + 4 = u, -3*r + 2*r = -2*h - 4. Let i be -10*r/((-2)/1). What is the highest common divisor of 2 and i?
2
Let h = 10 - 8. Suppose h*f + 0*f - 342 = 0. Calculate the greatest common factor of 19 and f.
19
Let v(z) be the first derivative of -z**3/3 - 9*z**2/2 - 2*z - 1. Let q be v(-7). What is the highest common divisor of q and 24?
12
Let b(m) = -72*m - 16. Let j be b(-1). What is the highest common factor of j and 8?
8
Let k be 112/168 - ((-628)/6)/2. Calculate the highest common divisor of 159 and k.
53
Suppose 4*r - 28 = -4*m, m = -3*r + 3*m + 6. What is the greatest common divisor of 5 and r?
1
Let p be ((-6)/(-4))/(1/2). Suppose -z + 17 = 4*b, -4*b + 3*z = -0*b + p. Suppose 0 = -b*l + 21 - 6. Calculate the greatest common divisor of 35 and l.
5
Let i(z) = -z**3 + 3*z**2 + 4*z - 4. Let m be i(3). Suppose 2*w - 10 = 0, -4*k - w = 12 - 1. Let b = k + 6. Calculate the greatest common factor of m and b.
2
Let u be (-1 + 0)*(-3)/(-3). Let b be u*(-4)/(12/135). What is the highest common factor of 15 and b?
15
Let i be (-75)/6 - 1/(-2). Let h be -2 + (-5)/(20/i). What is the greatest common divisor of 4 and h?
1
Suppose 5*l = x - 25, -2*x + 154 = 2*x - 2*l. What is the greatest common factor of 64 and x?
8
Let t(y) = y**3 - 9*y**2 + 10*y + 8. Let q be t(8). Calculate the highest common factor of 8 and q.
8
Suppose -g = q - 182, 5*g - 4*q - 560 = 2*g. What is the greatest common divisor of 23 and g?
23
Let z = 75 + -39. Calculate the highest common factor of 48 and z.
12
Let u = 50 + -17. Suppose 2*y + 0*y - 78 = 0. Let x = -28 + y. What is the highest common factor of x and u?
11
Let x = -64 + 90. Suppose 27 + 207 = 6*y. What is the highest common factor of x and y?
13
Let a = 9 - -3. Calculate the greatest common factor of 132 and a.
12
Let q(x) = 10*x - 6 + 2 - 4. Let v be q(-6). Let g = v - -178. What is the greatest common factor of g and 10?
10
Suppose -5*w + 10*w = 0. Suppose g + 3*g - 108 = w. Calculate the highest common divisor of 9 and g.
9
Let x(p) = 31*p**3 - p**2 + p + 1. Let c be x(-1). Let d be (-1 - 1)/1 - c. What is the greatest common factor of d and 15?
15
Let g = 8 + -4. Let y = g + 3. Calculate the highest common factor of y and 7.
7
Let v(z) = -39*z + 4. Let a be v(4). Let x be (a/2)/(1 + -2). Let d = 144 - x. What is the greatest common factor of d and 17?
17
Let p be 198/5*30/9. What is the greatest common factor of p and 12?
12
Suppose 0 = 4*s - 5*z - 22, 3*s + 4*z + 2 = s. Suppose -5 = 4*l + s. Let t be (5/l)/(4/(-8)). What is the highest common divisor of 45 and t?
5
Let q(f) = -12*f - 4. Let y be q(-7). Suppose 0*v + y = 5*v. Suppose 3*k + 1 = k + 3*i, 5*k - 2*i = 14. Calculate the greatest common divisor of k and v.
4
Let r be ((-36)/(-5))/((-18)/(-60)). What is the greatest common divisor of r and 72?
24
Let u be ((-90)/21)/(-2 + (-212)/(-112)). Let y be 3/(6/22) + -1. What is the highest common factor of y and u?
10
Let b be (9/(-6))/(3/(-12)). What is the greatest common divisor of 30 and b?
6
Let b = -20 + 23. Suppose -4*j - 6 = -4*o + 2, 4*j = 0. Let v = b - o. Calculate the highest common divisor of v and 11.
1
Let m(r) be the first derivative of -13*r**2 - r + 3. Let n be m(1). Let o be ((-100)/(-6))/((-6)/n). What is the highest common divisor of 30 and o?
15
Let h(f) be the third derivative of f**4/24 - 4*f**3/3 + 2*f**2. Let z be h(-10). Let s = z - -40. Calculate the highest common factor of 2 and s.
2
Suppose v = 2*l - 0*v - 1, l - v + 2 = 0. Let y(d) = 9*d - l*d**2 + 3*d**2 + 13 + d**2. Let c be y(-9). Calculate the highest common factor of 104 and c.
13
Let v(x) = x**3 - 11*x**2 - 10*x - 23. Let y be v(12). Calculate the highest common divisor of y and 9.
1
Let r be ((-9)/(-9))/(2/8). What is the greatest common divisor of 28 and r?
4
Let d be -2*(0 - -1) + 1. Let j be d/4 - 138/(-8). Suppose -l + 5*r - 617 = -5*l, 0 = -5*l + 2*r + 763. Calculate the greatest common divisor of l and j.
17
Let m = 1 - 3. Let c be 45/(-6)*m + 0. Calculate the highest common factor of 6 and c.
3
Let x be (-1)/(-4) + (-429)/(-12). Suppose o - x = -3*z + 33, 3 = z. Suppose -3*b = 4*a - o, 2*b - 40 = -4*a + a. What is the highest common factor of b and 50?
10
Let j(q) = -q**3 - 4*q**2 - 5*q. Let f be j(-4). Let x(l) = 7*l**2 - 7*l. Let g be x(5). Calculate the highest common divisor of f and g.
20
Let k(u) = -u**3 - 3*u**2 + 7*u + 14. Let g be k(-6). What is the highest common divisor of g and 16?
16
Let g(v) = v**2 - 3*v - 6. Let x = -5 + 8. Suppose -4*p - x*r = 15, 9 = p + 3*r + 2*r. Let h be g(p). Calculate the greatest common divisor of h and 12.
12
Let k be 2/4*(121 + -5). Let d = 70 + k. What is the greatest common factor of d and 16?
16
Suppose 4*g = 27 - 3. Suppose -4*j = -g*j + 54. What is the greatest common divisor of 297 and j?
27
Let d(t) = -t**3 + 7*t**2 + 14*t - 13. Let n be d(9). Let a = -27 - n. Calculate the greatest common factor of a and 55.
11
Suppose 0 = -2*o - 4, 2*j - 5*o - 20 = -3*j. Let f be (-4)/18 - 40/(-18). What is the highest common divisor of f and j?
2
Let u = 47 + 11. What is the highest common factor of 87 and u?
29
Let t be 11/(36/32 - 1). Calculate the highest common factor of t and 22.
22
Let b(z) = -z**2 - z - 152. Let p be b(0). Let i = 2 - p. What is the highest common divisor of 14 and i?
14
Let p = -30 - -40. Let a(s) = -s**3 - 2*s**2 - s + 4. Let v be a(-4). Calculate the highest common factor of v and p.
10
Suppose 0 = 3*x - q + 46, 0 = -3*x - 2*q - 1